 the hundred thousands digit of 3406448?
4
What is the millions digit of 3025744?
3
What is the ten thousands digit of 45959?
4
What is the ten thousands digit of 6147622?
4
What is the hundred thousands digit of 1485696?
4
What is the millions digit of 1850325?
1
What is the hundred thousands digit of 14426183?
4
What is the hundreds digit of 2524652?
6
What is the millions digit of 6977262?
6
What is the millions digit of 3682178?
3
What is the units digit of 39362?
2
What is the units digit of 1130186?
6
What is the units digit of 284034?
4
What is the hundred thousands digit of 658052?
6
What is the tens digit of 7307706?
0
What is the tens digit of 377259?
5
What is the thousands digit of 80913?
0
What is the tens digit of 3070563?
6
What is the thousands digit of 2945743?
5
What is the ten thousands digit of 118364?
1
What is the thousands digit of 26627?
6
What is the millions digit of 5971679?
5
What is the millions digit of 1642459?
1
What is the units digit of 4033739?
9
What is the hundreds digit of 143183?
1
What is the hundred thousands digit of 213964?
2
What is the units digit of 14864839?
9
What is the millions digit of 23411316?
3
What is the hundreds digit of 930631?
6
What is the ten thousands digit of 595477?
9
What is the millions digit of 1434598?
1
What is the units digit of 42147?
7
What is the ten millions digit of 11984054?
1
What is the units digit of 1002669?
9
What is the ten thousands digit of 1269717?
6
What is the ten thousands digit of 92099?
9
What is the tens digit of 593292?
9
What is the thousands digit of 331810?
1
What is the thousands digit of 605009?
5
What is the ten thousands digit of 43418?
4
What is the thousands digit of 991942?
1
What is the ten thousands digit of 943665?
4
What is the tens digit of 488881?
8
What is the ten thousands digit of 11569834?
6
What is the thousands digit of 1139552?
9
What is the ten thousands digit of 729590?
2
What is the ten thousands digit of 10761136?
6
What is the thousands digit of 854394?
4
What is the thousands digit of 3385926?
5
What is the hundred thousands digit of 1962747?
9
What is the hundreds digit of 16411080?
0
What is the thousands digit of 797844?
7
What is the hundred thousands digit of 4415394?
4
What is the units digit of 4962165?
5
What is the units digit of 5618885?
5
What is the tens digit of 43322?
2
What is the hundreds digit of 231214?
2
What is the hundreds digit of 281220?
2
What is the tens digit of 10082179?
7
What is the hundred thousands digit of 3443065?
4
What is the tens digit of 23426?
2
What is the thousands digit of 1143164?
3
What is the hundreds digit of 471238?
2
What is the tens digit of 20416174?
7
What is the ten thousands digit of 55981?
5
What is the units digit of 27588636?
6
What is the millions digit of 12710709?
2
What is the thousands digit of 6459509?
9
What is the units digit of 5902002?
2
What is the ten thousands digit of 32836456?
3
What is the tens digit of 15024601?
0
What is the units digit of 5105201?
1
What is the tens digit of 975063?
6
What is the units digit of 810477?
7
What is the ten thousands digit of 339387?
3
What is the thousands digit of 267737?
7
What is the hundreds digit of 385000?
0
What is the units digit of 4460797?
7
What is the tens digit of 414393?
9
What is the ten thousands digit of 164039?
6
What is the thousands digit of 8196573?
6
What is the hundred thousands digit of 762831?
7
What is the units digit of 1325417?
7
What is the hundred thousands digit of 571841?
5
What is the thousands digit of 465603?
5
What is the tens digit of 7040283?
8
What is the ten thousands digit of 320186?
2
What is the ten thousands digit of 1539581?
3
What is the tens digit of 11834692?
9
What is the ten thousands digit of 447290?
4
What is the ten thousands digit of 8164365?
6
What is the hundred thousands digit of 496835?
4
What is the units digit of 15799284?
4
What is the thousands digit of 3240548?
0
What is the thousands digit of 1806?
1
What is the hundred thousands digit of 573296?
5
What is the millions digit of 1909449?
1
What is the tens digit of 26481080?
8
What is the thousands digit of 8253252?
3
What is the hundreds digit of 109462?
4
What is the ten thousands digit of 2533245?
3
What is the units digit of 1370543?
3
What is the ten thousands digit of 501370?
0
What is the thousands digit of 17953098?
3
What is the hundreds digit of 24891449?
4
What is the ten thousands digit of 1364410?
6
What is the hundred thousands digit of 123369?
1
What is the thousands digit of 76358?
6
What is the ten thousands digit of 366066?
6
What is the hundreds digit of 13107?
1
What is the tens digit of 9327537?
3
What is the hundred thousands digit of 7032734?
0
What is the hundred thousands digit of 256919?
2
What is the units digit of 227181?
1
What is the ten thousands digit of 10891124?
9
What is the hundreds digit of 2279091?
0
What is the hundreds digit of 215598?
5
What is the units digit of 259996?
6
What is the thousands digit of 398383?
8
What is the units digit of 123746?
6
What is the hundreds digit of 25529292?
2
What is the hundred thousands digit of 1067669?
0
What is the hundred thousands digit of 432443?
4
What is the millions digit of 19279376?
9
What is the thousands digit of 75456?
5
What is the tens digit of 4309245?
4
What is the tens digit of 526736?
3
What is the ten thousands digit of 12397654?
9
What is the thousands digit of 7942482?
2
What is the units digit of 5978?
8
What is the hundreds digit of 851798?
7
What is the thousands digit of 8948297?
8
What is the thousands digit of 255696?
5
What is the ten thousands digit of 1189500?
8
What is the hundreds digit of 12489?
4
What is the units digit of 4163657?
7
What is the units digit of 286616?
6
What is the millions digit of 1979924?
1
What is the units digit of 99160?
0
What is the tens digit of 2398353?
5
What is the ten thousands digit of 4278462?
7
What is the units digit of 5213966?
6
What is the units digit of 2284231?
1
What is the hundreds digit of 5880376?
3
What is the tens digit of 82917?
1
What is the hundred thousands digit of 322837?
3
What is the units digit of 76150?
0
What is the thousands digit of 1250425?
0
What is the tens digit of 1244421?
2
What is the units digit of 457596?
6
What is the ten thousands digit of 151340?
5
What is the hundreds digit of 4216095?
0
What is the tens digit of 2508083?
8
What is the thousands digit of 23116738?
6
What is the hundreds digit of 65546?
5
What is the ten thousands digit of 434030?
3
What is the ten thousands digit of 311726?
1
What is the hundreds digit of 421028?
0
What is the units digit of 218157?
7
What is the tens digit of 78771?
7
What is the ten thousands digit of 2241365?
4
What is the hundreds digit of 1985385?
3
What is the units digit of 9567357?
7
What is the hundreds digit of 2329779?
7
What is the hundred thousands digit of 29805644?
8
What is the thousands digit of 1863595?
3
What is the ten thousands digit of 26170?
2
What is the ten thousands digit of 226790?
2
What is the tens digit of 423759?
5
What is the units digit of 3334472?
2
What is the tens digit of 267502?
0
What is the tens digit of 4906120?
2
What is the units digit of 305580?
0
What is the units digit of 181735?
5
What is the hundreds digit of 3739364?
3
What is the units digit of 73997?
7
What is the hundred thousands digit of 9253531?
2
What is the millions digit of 1995126?
1
What is the thousands digit of 5688969?
8
What is the ten thousands digit of 3155615?
5
What is the hundreds digit of 2311330?
3
What is the hundreds digit of 32787816?
8
What is the hundreds digit of 857343?
3
What is the hundreds digit of 788383?
3
What is the millions digit of 6544660?
6
What is the ten thousands digit of 88032?
8
What is the hundreds digit of 252907?
9
What is the hundred thousands digit of 920647?
9
What is the hundred thousands digit of 1183132?
1
What is the units digit of 60460?
0
What is the hundreds digit of 476054?
0
What is the hundred thousands digit of 3303717?
3
What is the thousands digit of 4442745?
2
What is the hundred thousands digit of 242662?
2
What is the units digit of 58992?
2
What is the ten thousands digit of 420798?
2
What is the units digit of 14402529?
9
What 